+ w. What is the units digit of (-3)/(-1) - (c - -3)?
3
Let g(i) = i**3 + 8*i**2 - 5*i + 10. Let n be g(-7). Suppose 4*j = 6*j - n. Suppose 0*r - 34 = -5*v - 2*r, -4*v + j = -5*r. What is the units digit of v?
8
Suppose -3*g - 1 + 7 = 0. Let m(h) = -259 + 43*h**g - h + 259. What is the tens digit of m(1)?
4
What is the units digit of 260286/94 - (-1 - -10)?
0
Suppose -4*j + 105 = -j. Let t = j + -31. Let f(i) = -i**2 + 4*i + 3. What is the units digit of f(t)?
3
What is the hundreds digit of 8/(-24)*(-1881)/3?
2
What is the tens digit of (8 - 3)/((-1)/(-5 + -44))?
4
Suppose 0 = -j - 5, -2*j + 0*j - 103 = -3*o. What is the units digit of o?
1
Let x be 3/(-4)*32/(-12). Suppose 4*l = -16, -3*l = -x*v - 2*l + 128. What is the tens digit of v?
6
Let t = 162 - 109. What is the tens digit of t?
5
Suppose -3*b - 4 - 20 = 0. Let p(r) = -r + 3. Let s be p(-4). Let w = s - b. What is the tens digit of w?
1
Let v = -2445 + 3417. What is the tens digit of v?
7
Let a be 0 + 14*6*-1. What is the tens digit of (-3)/7 - 2556/a?
3
What is the hundreds digit of 185*(-3 - 448/(-35))?
8
Suppose s - 3*g + 15 = -4*s, 3*s - 5 = -g. What is the units digit of s + 6 - 4/(-2)?
8
Let m(b) = -3*b**2 - 7*b + 1. Let o be m(-4). Let s be o*1 + 2 + -4. What is the tens digit of (-12)/s + 286/14?
2
Suppose 5 = 3*a - 4*a. Let q(i) = 7*i. Let w be q(a). Let g = 36 - w. What is the tens digit of g?
7
Let y = -123 - -125. Suppose -y*b = 63 - 71. What is the units digit of b?
4
Suppose -4*a + 0*a = 3*k + 19, -16 = -4*k + 5*a. What is the units digit of k/(3*(-4)/1284)?
7
Let x = -78 - -830. What is the units digit of x?
2
Suppose -3*h - 1 = -7. Suppose h*v = -4*b + 56 + 120, 3*v = -2*b + 96. What is the units digit of b?
2
Let u = -109 - -586. What is the tens digit of u?
7
Suppose 200 = 24*n - 4*n. What is the units digit of n?
0
What is the tens digit of ((-177)/(-2))/((-17)/(-34))?
7
Let p be 250/(-2)*(-330)/75. Suppose -11*z - p = -16*z. What is the hundreds digit of z?
1
Let u(i) = 12*i**2 + 33*i - 296. What is the units digit of u(10)?
4
Let o be 0/(4*(-1)/(-2)). Suppose o = -w - 4*w - 120. Let c = w + 62. What is the tens digit of c?
3
Suppose -4006 = -4*h - v, 0 = -v + 2. What is the units digit of h?
1
Let z(t) = -t - 7. Suppose -r + 2*r + 6 = 0. Let w be z(r). What is the tens digit of -1 + w + 0 - -21?
1
Let n = -369 - -649. Let z be n/(-6)*(-96)/40. Suppose 0 = 5*k - 3*o - 156, 3*k = -k - 4*o + z. What is the tens digit of k?
3
Let g(v) = v**3 - 10*v**2 + 3*v - 1. Let t(o) = -o**2 - 12*o + 13. Let z be t(-13). Let w = z - -10. What is the units digit of g(w)?
9
Let y be (-1)/4 + (-276)/(-16). Let f = 27 - y. What is the units digit of 2/4*(62 + f)?
6
Let n = 899 + -498. What is the tens digit of n?
0
What is the units digit of -4 + 9 - 628/(-4)?
2
Let n(c) = -192*c + 695. What is the tens digit of n(-9)?
2
What is the tens digit of (-10)/(-2) + -6 + 202?
0
Let x(d) = -d**3 + 12*d**2 + 29*d - 12. Let c be x(14). What is the tens digit of (-30 + -12)*(c/(-4) + -1)?
6
Let b = 69 + -79. Let i = 179 + -98. Let n = b + i. What is the tens digit of n?
7
What is the tens digit of 3/(-11) + (-64698)/(-66)?
8
Suppose 0 = 15*k - 5*k - 3410. Let y = k - 192. What is the hundreds digit of y?
1
Let u(t) = t**3 + 15*t**2 - t + 10. Let m be u(-15). Let z = 28 - m. Suppose -3*c = -5*l + 81, -z*c - 7 = -3*l + 38. What is the units digit of l?
8
Let u = -23 + 17. Let c(a) = -36*a + 3. What is the tens digit of c(u)?
1
Suppose 9*u - 5444 = 6247. What is the tens digit of u?
9
Let d(r) = -8*r + 90. What is the tens digit of d(4)?
5
Suppose -152 = 3*g + f + 3*f, -4*g = 2*f + 196. Let k = g - -105. What is the units digit of k?
7
Let p = 9 + 5. Let c(h) = h**2 + 11*h + 17. Let q be c(-7). Let j = p + q. What is the units digit of j?
3
Suppose 6*d + 16 = -2. Let z = 13 + -12. What is the units digit of (d/z)/(2/(-6))?
9
Let u(z) be the second derivative of z**4/6 + 23*z**3/6 - 3*z**2/2 + 5*z. Let q be u(-10). Let b = -10 - q. What is the tens digit of b?
2
Let d = 4675 - 2443. What is the hundreds digit of d?
2
Let k be 2 - (720/(-5) + -2). Suppose 2*f - 5*f + k = -5*g, -2*g + 104 = 2*f. What is the units digit of f?
1
Suppose -5*h + 5*k + 40 = 0, -3 = -5*h - 2*k + 2. Let y be -2 - -30 - h/(-1). Suppose -2*n + y = -3. What is the units digit of n?
7
Suppose 0*c + 4*c = -2*v + 20, -4*v + 2*c = 0. Suppose 5*g - 3*w = 86, -2*g + 38 = v*w - 5*w. What is the units digit of g?
6
Let i(z) = 7*z**2 + z - 3. Let j(c) = 3*c**2 - 2. Let w(f) = -4*i(f) + 10*j(f). Let b be w(4). Let r = 14 - b. What is the units digit of r?
6
Let p(u) = -u**3 - 4*u**2 + 5*u - 2. Let i be p(3). Let v be ((-60)/i)/((-2)/(-25)). Let z = v + 7. What is the tens digit of z?
2
What is the units digit of (-17560)/(-65) - (-12)/(-78)?
0
What is the tens digit of (-28 - -29)/(-2 - 9258/(-4628))?
1
Suppose 2*s - 741 = -s. Suppose r + 3*u + u = 247, -u + s = r. What is the units digit of r?
7
Suppose -2436 = 202*f - 208*f. What is the hundreds digit of f?
4
Let a(c) = -43*c - 11. What is the units digit of a(-8)?
3
Let p(m) = -21*m + 7. What is the units digit of p(-10)?
7
Let q(x) = 3*x - 20*x - x**2 - 2*x + 0*x**2 - 27. What is the units digit of q(-15)?
3
Let r = -17 + 21. Suppose -4*p + r = -2*v + 6*v, -3*v - 4*p = -2. What is the units digit of (36/(-8)*v)/(-1)?
9
Let d(y) = y**2 - 5*y - 10. Let x(o) = o**3 + 7*o**2 - o - 16. Let a be x(-7). What is the hundreds digit of d(a)?
1
Let z = 1688 - 840. What is the hundreds digit of z?
8
Let g = 101 + -89. Suppose g*u + 6 = 15*u. What is the units digit of u?
2
Let k(i) = -i**2 + 20*i + 7. Let o be k(12). Suppose o = 3*s - 5*m + m, 4*s - 132 = 4*m. What is the units digit of s?
9
Let a be (-5972)/6*(-15)/10. Suppose a + 417 = 10*r. What is the units digit of r?
1
Suppose 5*x = -5*q - 5, -q - x + 19 = 4*x. Let b(z) = 3*z**2 + 5*z - 2. What is the units digit of b(q)?
6
Let d(a) = 75*a + 32. What is the tens digit of d(4)?
3
Suppose 0 = -4*h - 2 + 10. Suppose h*c + 736 = 6*c. What is the tens digit of c?
8
Suppose -3*z - 12 = 0, 0*l + 2*z = -l - 8. Suppose 2*i - 2*f - 12 = l, -4*f = -i - 2*i + 15. What is the units digit of i?
9
Let k be (-10)/15 + (-2)/(-3). Suppose -5*s = -k*s - 145. What is the units digit of s?
9
Let u be (-3 - -4)/((-4)/24). Let k be -33*(-1)/(u/(-4)). Let y = k + -18. What is the units digit of y?
4
Let d(x) = -x**3 + 2*x**2 + 3*x - 4. Let i be d(3). Let k(j) = -12*j - 4. Let v be k(i). What is the units digit of (2/(-8))/((-1)/v)?
1
Suppose 0 = 2*n + 6*j - j - 10, 5*n = j - 2. Suppose n*q + 6*q = -480. Let t = 139 + q. What is the units digit of t?
9
Let t(w) be the second derivative of w**5/10 - 7*w**4/12 + w**3 - 4*w**2 - w + 5. What is the units digit of t(4)?
2
Let f be 6/(-12) - (0 - (-9)/6). What is the units digit of (-23 - f)/((-1)/3)?
3
Let q be (-1)/(2 - 9/5). Let f = 17 + q. Suppose o - 9 = -0*t + t, 4*t = -f. What is the units digit of o?
6
Suppose -4*a + 8142 = 2186. What is the hundreds digit of a?
4
Let l(t) = -8*t + 28. Let r be l(-15). Suppose -g + 44 = -3*h, -r = -3*g - 2*h + 7*h. What is the units digit of g?
6
Suppose 8184 = 4*l + 4*q, 4*q = 15*l - 12*l - 6131. What is the tens digit of l?
4
Let l(d) = 411*d**3 - 3*d**2 + 5*d - 2. What is the tens digit of l(1)?
1
Suppose q - h - 1951 = 1064, -2*h + 6 = 0. What is the hundreds digit of q?
0
Let b be (132/(-8))/((-4)/(-24)*-3). Let k = -46 - -31. Let o = b + k. What is the units digit of o?
8
Suppose 0 = 5*x - x + 20. Let f be (-15)/25 + (-268)/x. Let n = 80 - f. What is the units digit of n?
7
Let m(c) be the second derivative of c**4/12 - 2*c**3 - 19*c**2/2 + c. Let i be (-8 + (-2)/(-2))/(4/(-8)). What is the units digit of m(i)?
9
Let a be 1/(-8) - 255/136. Let h be (10/6)/(a/(-6)). Suppose -h*w - 3*r = -168, 3*w + 3*r = 2*w + 36. What is the units digit of w?
3
Let t(f) = 6*f + 6. Let v(w) = w**3 + 7*w**2 + 4. Let m be v(-7). Suppose 5*z - 16 = -m*k + 7, -2*k + 1 = -z. What is the units digit of t(z)?
4
Let n(m) = 207*m + 556. What is the tens digit of n(13)?
4
What is the tens digit of 431 - (1 - (5 - 1))?
3
Suppose -3*h + 9 = 0, -5*x + 2*x + 3*h = -3558. What is the tens digit of x?
8
Suppose 3*o = 4*f + f + 66, f = -2*o + 31. Let h = o - 20. Let c = h - -25. What is the tens digit 